factors of 84896?
2, 7, 379
List the prime factors of 9060.
2, 3, 5, 151
List the prime factors of 319.
11, 29
What are the prime factors of 74248?
2, 9281
What are the prime factors of 14652?
2, 3, 11, 37
List the prime factors of 5856.
2, 3, 61
What are the prime factors of 955?
5, 191
List the prime factors of 9089.
61, 149
List the prime factors of 17894.
2, 23, 389
What are the prime factors of 2099?
2099
List the prime factors of 85377.
3, 149, 191
What are the prime factors of 125?
5
List the prime factors of 4332.
2, 3, 19
What are the prime factors of 88270?
2, 5, 7, 13, 97
What are the prime factors of 1397?
11, 127
What are the prime factors of 3350?
2, 5, 67
What are the prime factors of 155719?
155719
List the prime factors of 11486.
2, 5743
List the prime factors of 12841.
12841
What are the prime factors of 100023?
3, 7, 11, 433
List the prime factors of 113917.
17, 6701
List the prime factors of 7520.
2, 5, 47
What are the prime factors of 4198?
2, 2099
What are the prime factors of 13233?
3, 11, 401
List the prime factors of 41472.
2, 3
What are the prime factors of 337?
337
What are the prime factors of 17814?
2, 3, 2969
What are the prime factors of 567?
3, 7
List the prime factors of 2671.
2671
What are the prime factors of 24802?
2, 12401
What are the prime factors of 2321?
11, 211
List the prime factors of 1165.
5, 233
List the prime factors of 34428.
2, 3, 19, 151
List the prime factors of 2965.
5, 593
List the prime factors of 7196.
2, 7, 257
What are the prime factors of 2593?
2593
What are the prime factors of 4435?
5, 887
List the prime factors of 498.
2, 3, 83
What are the prime factors of 20503?
7, 29, 101
What are the prime factors of 24214?
2, 12107
List the prime factors of 26392.
2, 3299
What are the prime factors of 1268?
2, 317
What are the prime factors of 7915?
5, 1583
What are the prime factors of 4021?
4021
What are the prime factors of 207?
3, 23
List the prime factors of 2382.
2, 3, 397
List the prime factors of 24850.
2, 5, 7, 71
List the prime factors of 7945.
5, 7, 227
List the prime factors of 116662.
2, 7, 13, 641
What are the prime factors of 13221?
3, 13, 113
List the prime factors of 368.
2, 23
List the prime factors of 642.
2, 3, 107
List the prime factors of 58978.
2, 37, 797
What are the prime factors of 20201?
20201
What are the prime factors of 7159?
7159
List the prime factors of 507.
3, 13
List the prime factors of 13656.
2, 3, 569
What are the prime factors of 1913?
1913
What are the prime factors of 3386?
2, 1693
What are the prime factors of 1600?
2, 5
What are the prime factors of 8295?
3, 5, 7, 79
List the prime factors of 4383.
3, 487
What are the prime factors of 165958?
2, 13, 491
What are the prime factors of 159?
3, 53
List the prime factors of 2976.
2, 3, 31
What are the prime factors of 12457?
12457
List the prime factors of 12234.
2, 3, 2039
List the prime factors of 2618.
2, 7, 11, 17
List the prime factors of 33984.
2, 3, 59
List the prime factors of 2086.
2, 7, 149
List the prime factors of 5794.
2, 2897
List the prime factors of 19471.
19471
List the prime factors of 14285.
5, 2857
What are the prime factors of 12?
2, 3
List the prime factors of 36312.
2, 3, 17, 89
List the prime factors of 10212.
2, 3, 23, 37
List the prime factors of 59139.
3, 6571
What are the prime factors of 3827?
43, 89
What are the prime factors of 493?
17, 29
What are the prime factors of 12445?
5, 19, 131
What are the prime factors of 15362?
2, 7681
List the prime factors of 69118.
2, 7, 4937
What are the prime factors of 95247?
3, 19, 557
What are the prime factors of 9909?
3, 367
What are the prime factors of 11558?
2, 5779
List the prime factors of 5290.
2, 5, 23
List the prime factors of 8105.
5, 1621
What are the prime factors of 3445?
5, 13, 53
What are the prime factors of 11580?
2, 3, 5, 193
List the prime factors of 293.
293
What are the prime factors of 571?
571
What are the prime factors of 21411?
3, 13, 61
What are the prime factors of 664?
2, 83
List the prime factors of 117773.
117773
List the prime factors of 109352.
2, 13669
List the prime factors of 121479.
3, 40493
List the prime factors of 902.
2, 11, 41
List the prime factors of 18781.
7, 2683
List the prime factors of 24667.
17, 1451
List the prime factors of 3367.
7, 13, 37
List the prime factors of 10092.
2, 3, 29
List the prime factors of 2565.
3, 5, 19
List the prime factors of 84799.
11, 13, 593
What are the prime factors of 57535?
5, 37, 311
What are the prime factors of 106469?
11, 9679
What are the prime factors of 9268?
2, 7, 331
What are the prime factors of 5175?
3, 5, 23
List the prime factors of 91054.
2, 53, 859
What are the prime factors of 1933?
1933
List the prime factors of 94616.
2, 11827
What are the prime factors of 749?
7, 107
What are the prime factors of 1389?
3, 463
What are the prime factors of 52588?
2, 13147
List the prime factors of 198870.
2, 3, 5, 7, 947
What are the prime factors of 54338?
2, 101, 269
What are the prime factors of 1387?
19, 73
What are the prime factors of 90512?
2, 5657
List the prime factors of 44373.
3, 7, 2113
What are the prime factors of 4443?
3, 1481
What are the prime factors of 47825?
5, 1913
List the prime factors of 93181.
11, 43, 197
What are the prime factors of 15320?
2, 5, 383
What are the prime factors of 950?
2, 5, 19
List the prime factors of 1188.
2, 3, 11
What are the prime factors of 50287?
50287
List the prime factors of 521.
521
List the prime factors of 137325.
3, 5, 1831
List the prime factors of 896.
2, 7
What are the prime factors of 2480?
2, 5, 31
List the prime factors of 276.
2, 3, 23
What are the prime factors of 1278?
2, 3, 71
List the prime factors of 18932.
2, 4733
List the prime factors of 2184.
2, 3, 7, 13
List the prime factors of 8153.
31, 263
List the prime factors of 786.
2, 3, 131
List the prime factors of 1267.
7, 181
List the prime factors of 1802.
2, 17, 53
What are the prime factors of 8870?
2, 5, 887
What are the prime factors of 2259?
3, 251
What are the prime factors of 39578?
2, 7, 11, 257
What are the prime factors of 127734?
2, 3, 61, 349
List the prime factors of 18242.
2, 7, 1303
List the prime factors of 243.
3
What are the prime factors of 785?
5, 157
What are the prime factors of 972?
2, 3
List the prime factors of 3850.
2, 5, 7, 11
What are the prime factors of 1439?
1439
What are the prime factors of 94534?
2, 11, 4297
List the prime factors of 7619.
19, 401
List the prime factors of 25205.
5, 71
What are the prime factors of 9706?
2, 23, 211
What are the prime factors of 3794?
2, 7, 271
List the prime factors of 24955.
5, 7, 23, 31
What are the prime factors of 3310?
2, 5, 331
What are the prime factors of 33833?
23, 1471
What are the prime factors of 9802?
2, 13, 29
What are the prime factors of 2341?
2341
What are the prime factors of 5706?
2, 3, 317
What are the prime factors of 1935?
3, 5, 43
List the prime factors of 58588.
2, 97, 151
List the prime factors of 6930.
2, 3, 5, 7, 11
What are the prime factors of 517?
11, 47
List the prime factors of 1507.
11, 137
List the prime factors of 1576.
2, 197
List the prime factors of 100243.
11, 13, 701
List the prime factors of 190726.
2, 47, 2029
What are the prime factors of 1061?
1061
What are the prime factors of 28221?
3, 23, 409
What are the prime factors of 2360?
2, 5, 59
What are the prime factors of 11053?
7, 1579
What are the prime factors of 33365?
5, 6673
List the prime factors of 80494.
2, 167, 241
What are the prime factors of 812?
2, 7, 29
What are the prime factors of 1176?
2, 3, 7
What are the prime factors of 468?
2, 3, 13
List the prime factors of 3383.
17, 199
List the prime factors of 9736.
2, 1217
What are the prime factors of 13677?
3, 47, 97
List the prime factors of 2548.
2, 7, 13
List the prime factors of 762.
2, 3, 127
List the prime factors of 6614.
2, 3307
List the prime factors of 41929.
23, 1823
What are the prime factors of 51995?
5, 10399
List the prime factors of 6506.
2, 3253
What are the prime factors of 3937?
31, 127
What are the prime factors of 2851?
2851
What are the prime factors of 78?
2, 3, 13
What are the prime factors of 4791?
3, 1597
List the prime factors of 56714.
2, 7, 4051
What are the prime factors of 2087?
2087
What 